{"id":36,"date":"2025-10-17T20:15:38","date_gmt":"2025-10-17T20:15:38","guid":{"rendered":"https:\/\/www.mannscience.com\/?page_id=36"},"modified":"2025-10-21T11:37:42","modified_gmt":"2025-10-21T11:37:42","slug":"hakkimizda","status":"publish","type":"page","link":"https:\/\/www.mannscience.com\/index.php\/hakkimizda\/","title":{"rendered":"Hakk\u0131m\u0131zda"},"content":{"rendered":"\n<div class=\"wp-block-columns alignwide are-vertically-aligned-center is-layout-flex wp-container-core-columns-is-layout-7387b849 wp-block-columns-is-layout-flex\">\n<div class=\"wp-block-column is-vertically-aligned-center is-layout-flow wp-block-column-is-layout-flow\" style=\"flex-basis:100%\">\n<div class=\"wp-block-group is-layout-constrained wp-block-group-is-layout-constrained\">\n<div class=\"wp-block-group alignwide is-layout-constrained wp-block-group-is-layout-constrained\">\n<div class=\"wp-block-group alignwide is-layout-constrained wp-block-group-is-layout-constrained\">\n<p class=\"wp-block-paragraph\"><strong>Biz Kimiz?<\/strong><br>MannScience Biotechnology, Savnur G\u00fcbre Ticaret taraf\u0131ndan Antalya T\u00fcrkiye&#8217;de kurulmu\u015f olan tar\u0131m ve biyoteknoloji alan\u0131nda profesyonel hizmet sunan bir Online Ticaret A\u011f\u0131d\u0131r. Amac\u0131m\u0131z, m\u00fc\u015fterilermizin verimlili\u011fini art\u0131rmak ve s\u00fcrd\u00fcr\u00fclebilir \u00e7\u00f6z\u00fcmlerle i\u015flerini g\u00fcvenle b\u00fcy\u00fctmelerini sa\u011flamakt\u0131r. Uzman kadromuz ve m\u00fc\u015fteri odakl\u0131 yakla\u015f\u0131m\u0131m\u0131zla her zaman yan\u0131n\u0131zday\u0131z.<\/p>\n\n\n\n<p class=\"wp-block-paragraph\"><strong>Ne Yap\u0131yoruz?<\/strong><br>Y\u00fcksek kaliteli g\u00fcbreler, biyoteknolojik \u00fcr\u00fcnler ve end\u00fcstriye y\u00f6nelik \u00e7e\u015fitli destek \u00fcr\u00fcnleri ile \u00fcretim s\u00fcre\u00e7lerinizi g\u00fc\u00e7lendiriyoruz. Her \u00fcr\u00fcn\u00fcm\u00fcz, kalite ve g\u00fcvenlik standartlar\u0131m\u0131z\u0131 kar\u015f\u0131layacak \u015fekilde titizlikle se\u00e7ilmi\u015ftir.<\/p>\n\n\n\n<p class=\"wp-block-paragraph\"><strong>MannScience Biotechnology ile G\u00fcvenilir \u00c7\u00f6z\u00fcmler.<\/strong><br>Y\u00fcksek kaliteli g\u00fcbreler ve biyoteknolojik \u00fcr\u00fcnlerle \u00fcretiminizi g\u00fc\u00e7lendirin. \u00dcr\u00fcnlerimizi kolayca sipari\u015f edin ve h\u0131zl\u0131 teslimat avantaj\u0131yla hemen i\u015finize ba\u015flay\u0131n.<\/p>\n\n\n\n<p class=\"wp-block-paragraph\"><strong>Neden Bizi Tercih Etmelisiniz?<\/strong><br>G\u00fcvenilir tedarik zinciri, h\u0131zl\u0131 teslimat ve profesyonel destekle MannScience Biotechnology, i\u015finizi b\u00fcy\u00fctmeniz i\u00e7in ideal \u00e7\u00f6z\u00fcm\u00fc sunar. \u00dcr\u00fcnlerimiz, hem kalite hem de performans a\u00e7\u0131s\u0131ndan sekt\u00f6r standartlar\u0131n\u0131 kar\u015f\u0131lamaktad\u0131r.<\/p>\n\n\n\n<p class=\"wp-block-paragraph\"><strong>\u00dcr\u00fcnlerimiz.<\/strong><br>M\u00fc\u015fterilerimizin ihtiya\u00e7lar\u0131n\u0131 kar\u015f\u0131lamak i\u00e7in geni\u015f bir \u00fcr\u00fcn yelpazesi sunuyoruz. Y\u00fcksek kaliteli g\u00fcbreler, hammaddeler, biyoteknolojik \u00fcr\u00fcnler, \u00e7e\u015fitli ila\u00e7lar ve benzeri \u00fcr\u00fcnler ile \u00fcretim s\u00fcre\u00e7lerinizi g\u00fcvenle destekliyoruz. Her \u00fcr\u00fcn\u00fcm\u00fcz, kalite ve g\u00fcvenlik standartlar\u0131m\u0131z\u0131 kar\u015f\u0131layacak \u015fekilde titizlikle se\u00e7ilmi\u015ftir.<\/p>\n\n\n\n<p class=\"wp-block-paragraph\"><strong>Ma\u011fazam\u0131z\u0131 Ke\u015ffedin.<\/strong><br>\u0130htiyac\u0131n\u0131z olan g\u00fcbre ve hammaddeleri \u015fimdi ke\u015ffedin. Hemen al\u0131\u015fveri\u015fe ba\u015flayarak \u00fcretiminizi bir \u00fcst seviyeye ta\u015f\u0131yabilirsiniz.&nbsp;<a href=\"https:\/\/www.mannscience.com\/index.php\/magaza\/?customize_changeset_uuid=1479bcf4-1e03-4ca8-9d99-e3115ae3a498&amp;customize_autosaved=on&amp;customize_messenger_channel=preview-5\">Ma\u011faza<\/a><\/p>\n<\/div>\n<\/div>\n<\/div>\n<\/div>\n<\/div>\n","protected":false},"excerpt":{"rendered":"<p>Biz Kimiz?MannScience Biotechnology, Savnur G\u00fcbre Ticaret taraf\u0131ndan Antalya T\u00fcrkiye&#8217;de kurulmu\u015f olan tar\u0131m ve biyoteknoloji alan\u0131nda profesyonel hizmet sunan bir Online Ticaret A\u011f\u0131d\u0131r. Amac\u0131m\u0131z, m\u00fc\u015fterilermizin verimlili\u011fini art\u0131rmak ve s\u00fcrd\u00fcr\u00fclebilir \u00e7\u00f6z\u00fcmlerle i\u015flerini g\u00fcvenle b\u00fcy\u00fctmelerini sa\u011flamakt\u0131r. Uzman kadromuz ve m\u00fc\u015fteri odakl\u0131 yakla\u015f\u0131m\u0131m\u0131zla her zaman yan\u0131n\u0131zday\u0131z. Ne Yap\u0131yoruz?Y\u00fcksek kaliteli g\u00fcbreler, biyoteknolojik \u00fcr\u00fcnler ve end\u00fcstriye y\u00f6nelik \u00e7e\u015fitli destek \u00fcr\u00fcnleri ile [&hellip;]<\/p>\n","protected":false},"author":1,"featured_media":0,"parent":0,"menu_order":0,"comment_status":"closed","ping_status":"closed","template":"","meta":{"googlesitekit_rrm_CAowk-jCDA:productID":"","_crdt_document":"","site-sidebar-layout":"default","site-content-layout":"","ast-site-content-layout":"default","site-content-style":"default","site-sidebar-style":"default","ast-global-header-display":"","ast-banner-title-visibility":"","ast-main-header-display":"","ast-hfb-above-header-display":"","ast-hfb-below-header-display":"","ast-hfb-mobile-header-display":"","site-post-title":"","ast-breadcrumbs-content":"","ast-featured-img":"","footer-sml-layout":"","ast-disable-related-posts":"","theme-transparent-header-meta":"","adv-header-id-meta":"","stick-header-meta":"","header-above-stick-meta":"","header-main-stick-meta":"","header-below-stick-meta":"","astra-migrate-meta-layouts":"default","ast-page-background-enabled":"default","ast-page-background-meta":{"desktop":{"background-color":"var(--ast-global-color-5)","background-image":"","background-repeat":"repeat","background-position":"center center","background-size":"auto","background-attachment":"scroll","background-type":"","background-media":"","overlay-type":"","overlay-color":"","overlay-opacity":"","overlay-gradient":""},"tablet":{"background-color":"","background-image":"","background-repeat":"repeat","background-position":"center center","background-size":"auto","background-attachment":"scroll","background-type":"","background-media":"","overlay-type":"","overlay-color":"","overlay-opacity":"","overlay-gradient":""},"mobile":{"background-color":"","background-image":"","background-repeat":"repeat","background-position":"center center","background-size":"auto","background-attachment":"scroll","background-type":"","background-media":"","overlay-type":"","overlay-color":"","overlay-opacity":"","overlay-gradient":""}},"ast-content-background-meta":{"desktop":{"background-color":"var(--ast-global-color-4)","background-image":"","background-repeat":"repeat","background-position":"center center","background-size":"auto","background-attachment":"scroll","background-type":"","background-media":"","overlay-type":"","overlay-color":"","overlay-opacity":"","overlay-gradient":""},"tablet":{"background-color":"var(--ast-global-color-4)","background-image":"","background-repeat":"repeat","background-position":"center center","background-size":"auto","background-attachment":"scroll","background-type":"","background-media":"","overlay-type":"","overlay-color":"","overlay-opacity":"","overlay-gradient":""},"mobile":{"background-color":"var(--ast-global-color-4)","background-image":"","background-repeat":"repeat","background-position":"center center","background-size":"auto","background-attachment":"scroll","background-type":"","background-media":"","overlay-type":"","overlay-color":"","overlay-opacity":"","overlay-gradient":""}},"footnotes":""},"class_list":["post-36","page","type-page","status-publish","hentry"],"jetpack_sharing_enabled":true,"jetpack_likes_enabled":true,"_links":{"self":[{"href":"https:\/\/www.mannscience.com\/index.php\/wp-json\/wp\/v2\/pages\/36","targetHints":{"allow":["GET"]}}],"collection":[{"href":"https:\/\/www.mannscience.com\/index.php\/wp-json\/wp\/v2\/pages"}],"about":[{"href":"https:\/\/www.mannscience.com\/index.php\/wp-json\/wp\/v2\/types\/page"}],"author":[{"embeddable":true,"href":"https:\/\/www.mannscience.com\/index.php\/wp-json\/wp\/v2\/users\/1"}],"replies":[{"embeddable":true,"href":"https:\/\/www.mannscience.com\/index.php\/wp-json\/wp\/v2\/comments?post=36"}],"version-history":[{"count":22,"href":"https:\/\/www.mannscience.com\/index.php\/wp-json\/wp\/v2\/pages\/36\/revisions"}],"predecessor-version":[{"id":381,"href":"https:\/\/www.mannscience.com\/index.php\/wp-json\/wp\/v2\/pages\/36\/revisions\/381"}],"wp:attachment":[{"href":"https:\/\/www.mannscience.com\/index.php\/wp-json\/wp\/v2\/media?parent=36"}],"curies":[{"name":"wp","href":"https:\/\/api.w.org\/{rel}","templated":true}]}}